 -47 - -13f6?
13af
In base 2, what is -1101010110110000 + -101?
-1101010110110101
In base 11, what is -55799 + 6?
-55793
In base 11, what is -119429 + 0?
-119429
In base 16, what is 453 + 9d?
4f0
In base 6, what is -13 - -1004230?
1004213
In base 15, what is -11e - 356?
-475
In base 9, what is -1 - -176086?
176085
In base 9, what is -2237743 + -5?
-2237748
In base 12, what is 40902 - 3?
408bb
In base 16, what is -1d3 + 25?
-1ae
In base 3, what is -1 - 102002020?
-102002021
In base 8, what is 0 - -1621727?
1621727
In base 3, what is -120121 - 201222?
-1022120
In base 2, what is -110111011111001000 + 111?
-110111011111000001
In base 13, what is 486807 - 4?
486803
In base 7, what is 63 + 156135?
156231
In base 4, what is -211 + 120233?
120022
In base 13, what is -240c0 + -4?
-240c4
In base 4, what is -31 + -20023212?
-20023303
In base 3, what is 2 - -102211211020?
102211211022
In base 9, what is -20 + -48105?
-48125
In base 11, what is -a + -21598?
-215a7
In base 4, what is 121 + -10212001?
-10211220
In base 6, what is 25335 - -12115?
41454
In base 8, what is -62041 - -12?
-62027
In base 13, what is 554 + -525?
2c
In base 2, what is -10001101 - -10100011000100?
10100000110111
In base 2, what is 101011 + 10000110101000000?
10000110101101011
In base 3, what is -122 + -1020212122?
-1020220021
In base 12, what is -103 + -59?
-160
In base 15, what is -d - 5a1?
-5ae
In base 15, what is -2d1 - -485?
1a4
In base 12, what is 6ba69 - 0?
6ba69
In base 7, what is 1110 + 2310?
3420
In base 12, what is 322 - 5a02?
-56a0
In base 11, what is -972 - 70?
-a32
In base 14, what is 1a + -8c20?
-8c04
In base 8, what is -2441 + -14?
-2455
In base 11, what is -a6695 + 3?
-a6692
In base 7, what is 13226 - -341?
13600
In base 3, what is 102111121 + -111?
102111010
In base 2, what is -1000101011111001 - -11?
-1000101011110110
In base 12, what is -5 - -580?
577
In base 3, what is 12 - -121020010?
121020022
In base 10, what is -102531 + 5?
-102526
In base 2, what is 101110101101 - -11?
101110110000
In base 14, what is 6d376 + -1?
6d375
In base 15, what is 2 - a5665?
-a5663
In base 10, what is 421 - 1743?
-1322
In base 11, what is -555 + -89?
-633
In base 5, what is -24 + 30311?
30232
In base 11, what is 2 + 5925?
5927
In base 3, what is -10 + -2220202?
-2220212
In base 16, what is 138fa - -1?
138fb
In base 15, what is bc - -154?
221
In base 6, what is -103114 - -102?
-103012
In base 13, what is -10c - 6c?
-17b
In base 8, what is 22337 + 430?
22767
In base 11, what is 8279 + -106?
8173
In base 14, what is -1 + 2c4?
2c3
In base 3, what is 20221 + -11101?
2120
In base 4, what is -13013 + 100101?
21022
In base 13, what is 22b48 - -1?
22b49
In base 3, what is -210212 - 11010?
-221222
In base 9, what is -36682 - 2?
-36684
In base 14, what is -395b58 + 3?
-395b55
In base 8, what is 4547 + -41?
4506
In base 2, what is 10100010100 - 100100?
10011110000
In base 15, what is -184 - -2a1?
11c
In base 16, what is -1ef - -37?
-1b8
In base 9, what is 2 - -15225?
15227
In base 11, what is 5aaa9 - -2?
60000
In base 14, what is -34160 - 0?
-34160
In base 4, what is -231131 - -11220?
-213311
In base 8, what is 756 - 6?
750
In base 9, what is -281353 + 1?
-281352
In base 16, what is -93 + 27?
-6c
In base 3, what is 20 + 11110220200?
11110220220
In base 12, what is -8 + -13661?
-13669
In base 8, what is 6 + -5147?
-5141
In base 8, what is -101006 - -2?
-101004
In base 7, what is -102061 + -5?
-102066
In base 6, what is 210453 - -11?
210504
In base 16, what is -1 + 9ebd2?
9ebd1
In base 10, what is -37 - -3106?
3069
In base 2, what is -1000100010101111 + -111?
-1000100010110110
In base 14, what is 1 + 39cac?
39cad
In base 10, what is 43817 - 130?
43687
In base 15, what is -191 - -1576?
13d5
In base 6, what is -3113 + 100?
-3013
In base 15, what is -146e + -68?
-14d7
In base 9, what is -2 + 2810676?
2810674
In base 10, what is 16 - 10845?
-10829
In base 16, what is -1d - 128cb?
-128e8
In base 3, what is -2211021 - 10222?
-2222020
In base 16, what is -1d5f - 0?
-1d5f
In base 16, what is 20f5d - a?
20f53
In base 13, what is 72892 + -5?
7288a
In base 9, what is -1 - -200145?
200144
In base 4, what is 113013 + -2032?
110321
In base 11, what is 34 - -10096?
1011a
In base 8, what is -7 + 234516?
234507
In base 4, what is -11 + -201233212?
-201233223
In base 5, what is -4 + -4442022?
-4442031
In base 13, what is -90a05 + 5?
-90a00
In base 11, what is 8365 - -81?
8436
In base 11, what is -31806 - 4?
-3180a
In base 13, what is -20081 + -5?
-20086
In base 7, what is 0 - -321540?
321540
In base 3, what is 11 + 22000221021?
22000221102
In base 15, what is a5277 - 3?
a5274
In base 4, what is 130312011 - -32?
130312103
In base 13, what is b5 - -453?
538
In base 15, what is -3dec0 - 14?
-3ded4
In base 6, what is 31023 - 5?
31014
In base 10, what is 209 - 2241?
-2032
In base 15, what is -6998 + a?
-698d
In base 14, what is -1 + d33?
d32
In base 12, what is -39 + 49b?
462
In base 7, what is 3122 - -5?
3130
In base 5, what is 3 + 434324?
434332
In base 2, what is 1001111110 + 101110110001?
111000101111
In base 7, what is 42200 - -13?
42213
In base 2, what is 100000 + -111011011001?
-111010111001
In base 4, what is -2302231 - -30?
-2302201
In base 5, what is 321140 - -2220?
323410
In base 5, what is 123440433 - -13?
123441001
In base 9, what is 515 + -85?
420
In base 13, what is 36 + c5?
12b
In base 15, what is 9193 + 3?
9196
In base 9, what is 1 + -3325?
-3324
In base 9, what is -28074 - 0?
-28074
In base 8, what is 312 - -7611?
10123
In base 10, what is 340086 + 5?
340091
In base 9, what is -108 - 156?
-265
In base 9, what is -451 + -1275?
-1736
In base 9, what is 0 - 323026?
-323026
In base 14, what is 453 + 12?
465
In base 14, what is -1 + -4da23?
-4da24
In base 2, what is 1100110010 + 11101110?
10000100000
In base 8, what is 43 - -1645?
1710
In base 6, what is -1015155 - 12?
-1015211
In base 5, what is 1434 - -1100?
3034
In base 3, what is 202220 + 110?
210100
In base 5, what is -11031 + -2014?
-13100
In base 7, what is -362 - 253?
-645
In base 6, what is 3201324 - 3?
3201321
In base 10, what is 31 + -4409?
-4378
In base 6, what is 5542254 + 3?
5542301
In base 4, what is 2130 - -1203?
3333
In base 5, what is 1 - 1320141?
-1320140
In base 7, what is 5522 - -20?
5542
In base 10, what is 5152680 + -3?
5152677
In base 4, what is -10 - -3010310?
3010300
In base 3, what is 11 - 1122000221?
-1122000210
In base 7, what is -342 + -114105?
-114450
In base 6, what is -25322 + -30?
-25352
In base 15, what is -16 + -7cbe?
-7cd5
In base 12, what is 11246 + 5?
1124b
In base 12, what is 7 - -1134?
113b
In base 12, what is -556 - 103?
-659
In base 7, what is 1 + 5146021?
5146022
In base 8, what is -5 + 6011274?
6011267
In base 7, what is 144030 - 1?
144026
In base 5, what is -4 + -1241012?
-1241021
In base 13, what is 7a + 657?
704
In base 10, what is 38 + -59446?
-59408
In base 8, what is -152347 + -2?
-152351
In base 10, what is 11 + 3628?
3639
In base 16, what is e8 - 179?
-91
In base 11, what is 40 - -930?
970
In base 12, what is -a - -45934?
45926
In base 8, what is -20740 + 45?
-20673
In base 5, what is 2 + -302441?
-302434
In base 7, what is 160 + -31?
126
In base 9, what is 0 - -42864?
42864
In base 10, what is -9575 - 171?
-9746
In base 15, what is -2 - 2313b?
-2313d
In base 5, what is -10 + -2211122?
-2211132
In base 6, what is -112403422 - -5?
-112403413
In base 10, what is 14293 + -4?
14289
In base 13, what is 711 + -10b?
603
In base 4, what is 1312013 - 3121?
1302232
In base 9, what is -183 - 1701?
-1884
In base 3, what is 10 + 22021221?
22022001
In base 9, what is 136426 - 12?
136414
In base 3, what is -1110 + 10100201?
10022021
In base 12, what is 567 + 9?
574
In base 11, what is 6 + 4a6032?
4a6038
In base 7, what is -1 - -620443?
620442
In base 14, what is 7b736 + -b?
7b729
In base 10, what is 107 - -735?
842
In base 8, what is -3 - -62623?
62620
In base 6, what is -313 - -4501?
4144
In base 5, what is -240003 + 0?
-240003
In base 10, what is 10 + -47419?
-47409
In base 7, what is 51 - -43153?
43234
In base 15, what is -9 - -17e2?
17d8
In base 16, what is 35c37 - -3?
35c3a
In base 7, what is -434501 - 0?
-434501
In base 5, what is -4412 + 1133?
-3224
In base 7, what is -5 + 1065631?
1065623
In base 14, what i